14319. Is u a composite number?
True
Let z be (-17731)/(-21)*(-5 + 35). Suppose 6*s - z = -3472. Is s a prime number?
True
Suppose -157*v = 15*v - 31580060. Is v a prime number?
False
Suppose -57*f = -55*f - 18. Suppose f*o - 104347 + 13456 = 0. Is o prime?
True
Let v = -5037 + 3030. Is (-5)/(10 + -20) + v/(-6) prime?
False
Suppose -4*t = -3*j - t + 27, t + 13 = 2*j. Let o be 2*(-3 - -1*16). Suppose j*m - o - 122 = 0. Is m prime?
True
Suppose 33*j + 2279357 = 10771346. Is j a prime number?
False
Let z be (20/(-15) - -1)*-15. Let s = 143 - 140. Suppose -7*o + 5865 = -3*o - d, -z*o + s*d + 7333 = 0. Is o composite?
True
Suppose 0 = 69*r - 2709934 - 503603. Is r composite?
False
Let r = -39174 + 192941. Is r prime?
False
Suppose 0 = -7*c + 5*c + 14. Let b(a) = a**2 + 1 - 11*a + 47*a**2 + 12 + c. Is b(11) composite?
True
Suppose 117379 + 21 = 10*h. Suppose -4*z - 16*z = -h. Is z a prime number?
True
Let q(j) = 564*j**2 + 42*j - 89. Is q(2) a prime number?
True
Is -25 + 1 - (-1251 + -14896) composite?
True
Suppose -12*f + 947531 + 4545937 = 0. Is f composite?
False
Let m = -5 + 9. Is (5945/20)/(((-2)/(-2))/m) a prime number?
False
Let t be 1/(-2)*(2 + -10). Suppose 3*n = n + 3*d + 512, -5*n = -t*d - 1273. Is n a prime number?
False
Suppose -5*x - 4*w = -9886, -4*w - 6526 - 1390 = -4*x. Let g = 2855 - x. Is g composite?
False
Let b(z) = 5768*z - 423. Is b(7) composite?
False
Suppose -v + 4*v = 12. Suppose 0 = l - 4*p + 3*p + 7, 0 = -2*l - v*p + 10. Is (-1)/l + (-4010)/(-3) composite?
True
Suppose -1282142 = -49*u - 215461. Is u composite?
True
Let b(i) be the third derivative of -1/4*i**4 + 16*i**2 - 1/60*i**5 - 7/6*i**3 - 11/120*i**6 + 0 + 0*i. Is b(-2) prime?
True
Suppose 26*r - 24*r = -4*a + 74948, -4*r = -12*a + 224844. Is a a prime number?
False
Suppose 2 = -4*h + 22. Suppose 3*s = -k + 13, -5*k + 17 - 8 = s. Suppose 5*j - s*d = 6579, -h*j + 2*d = -d - 6583. Is j composite?
False
Let i be 2/(-9) - 2*316/72. Let k be 22/10 - i/(-45). Suppose -2*d - 13 + 5 = 0, -k*b + 1574 = -d. Is b prime?
False
Let g = -345892 - -491883. Is g composite?
False
Let y(s) = 3*s**2 - 25*s + 13. Let b be y(8). Suppose -34 = -5*w + 3*w + b*z, 0 = w - 5*z - 22. Suppose 0 = -w*h + 16*h - 1484. Is h a composite number?
True
Suppose 120265 = 3*a - 5*k, -4*k = a + k - 40115. Is 1/(a/(-10025) - -4) a composite number?
True
Let r = -8083 + 13554. Is r a composite number?
False
Suppose -3*h = 4*y - 18236, -2*y - 2*y = -3*h + 18196. Let o = -436 + h. Suppose a - 6 = 4*a, 2*z + 5*a = o. Is z a prime number?
False
Suppose -30*m + 254031 = 2*i - 31*m, 2*m = -10. Is i prime?
False
Suppose 131*a = 136*a - 15. Suppose -a = 4*v - 5*v. Is 6641/v + (-52)/(-39) a composite number?
True
Let h be 10163*4 + (-70)/10. Suppose 3*m - 2*u = h, -2*m + 27097 = -2*u + u. Is m prime?
False
Let n(k) = -1429*k + 120. Let o be n(-6). Let d = 6697 + o. Is d a composite number?
False
Let n be (-39)/5 - (-3)/(-15). Let q be ((-60)/8)/(12/n). Suppose -4*b + z + 2*z = -2815, -698 = -b - q*z. Is b a prime number?
False
Let u be 2286 + -5*(0 - 1). Suppose 5*j - 11384 - u = 0. Is j a prime number?
False
Let g = 42 + -42. Suppose 0 = -g*x + 4*x. Let o(b) = b**3 - b**2 + 319. Is o(x) composite?
True
Suppose -1685597 = -8*u - 3*y, 5*y - 62 + 27 = 0. Is u a prime number?
False
Suppose 23*d - 28 - 18 = 0. Suppose 3*h - 20917 = -d*x, 3262 = 2*h - 5*x - 10670. Is h prime?
True
Let r = 435644 + -134333. Suppose -455*v = -464*v + r. Is v prime?
True
Suppose -20*l = -31*l + 1263141. Let h = l - 71926. Is h composite?
True
Let k(u) = 3*u**3 - 13*u**2 - 10*u + 3. Let c be k(5). Suppose 3*i - 72088 = 7*y - 12*y, c*y + 72096 = 3*i. Is i composite?
True
Let x be (-4*419)/(10 - (-210)/(-20)). Suppose x = 5*z - 2083. Is z composite?
False
Let d(h) be the first derivative of 446*h**3/3 - 21*h**2 + 203*h + 216. Is d(6) prime?
True
Suppose -7*h = 21*h - 10581004. Is h prime?
False
Suppose v = -2*j + 154, -8*v = -6*v - 2*j - 302. Let c = 267 - v. Suppose 3*u - c - 62 = 0. Is u prime?
True
Suppose 13124 = 4*c - 5*u, -5*u + 12547 - 2669 = 3*c. Let m = c + -2250. Let f = -495 + m. Is f a composite number?
False
Let l = 119747 + -79464. Is l a composite number?
False
Let i = -23 - -3382. Is i a prime number?
True
Let f = 907 - -2020. Is f a prime number?
True
Let n = -83145 + 126240. Suppose -n = -30*p + 8175. Is p a prime number?
True
Suppose 3*y - 2*g = 21, -5*g + 3*g = 2*y - 14. Suppose -2*x - y + 15 = 0. Suppose -6 = 3*l, -2*l = x*h - 511 - 1297. Is h a prime number?
False
Let h(n) = n + 27. Let g be h(-14). Let z(o) = -o + 16. Let x be z(g). Suppose -x*d + b + b + 1889 = 0, 3*b = -3*d + 1899. Is d a composite number?
False
Suppose -1091*m = -1104*m + 29003. Is m a composite number?
True
Suppose 6 = 3*m, 2*m = 4*f - 0*f - 8. Suppose -4*w = -f*s + 1441, w + 1174 + 743 = 4*s. Is s composite?
False
Let n be (-1495 - 13)/((-15)/(-6) + -2). Let x = 53675 + n. Is x a prime number?
False
Suppose 9*c - 2*c + c = 67880. Is c a composite number?
True
Suppose -2*q + 34588 = -8840. Let v = q + -15041. Is v composite?
False
Suppose n + 23 = 2*h - 38, 5*h = 3*n + 150. Suppose -h = -3*j + 9. Is 7/(j/830) - -4 a prime number?
True
Let d be (2/5 - 1)/(214/(-4280)). Suppose d*w + 5*w = 62747. Is w prime?
True
Let y(r) = 3*r**3 + 92*r**2 + 282*r - 58. Is y(-23) a composite number?
False
Let c = 20 + -13. Suppose -43652 = -0*f - c*f. Suppose 6*j - 10*j + f = 0. Is j a prime number?
True
Suppose 0 = -4*i + 5*p + 14, 4*i - 1 + 3 = -3*p. Suppose 0 = -a + i, -5*c + 9*a + 2227 = 6*a. Is c a prime number?
False
Suppose 3*g - 12801 = -3*q, q - 10993 = -3*g + 1814. Suppose 0 = 2*v + 2*x - 16228, -5*x = 4*v - 28183 - g. Is v composite?
False
Suppose 0 = -2*y - 56*a + 51*a + 12273, 0 = -5*y - 5*a + 30690. Is y a composite number?
True
Let u = 7987 + -17144. Let w = -5506 - u. Is w prime?
False
Let m = 486457 - 272058. Is m composite?
False
Suppose 2*c + 3*u - 9 = 0, -2*c + 5 = 5*u - 10. Suppose c*t - 3*q + 93 = t, 4*t + q = 339. Let g = 489 + t. Is g a prime number?
False
Let l(z) = z**3 + 4*z**2 + 3*z - 4. Let i be l(-3). Let s be (-22)/(-8) - (-3)/i. Suppose -2*v = -s*f + 612, v - 480 = -3*f + 422. Is f a prime number?
False
Suppose 3*l - 7850 = -3*v - 98, -3*l + 7749 = 4*v. Suppose 438 - l = -7*i. Is i prime?
True
Suppose -32 = -9*t + 4. Suppose 0*n - 23 = -n + t*y, -2*n = -y - 11. Suppose -c + 0 + 4 = 0, -2*c = n*l - 2255. Is l a prime number?
False
Let x = 34 - 30. Suppose 4*w - 2812 = 2*w + 3*d, -x*d = -3*w + 4217. Is w a prime number?
False
Suppose -1170*w - 9233497 = -2358*w + 1175*w. Is w a composite number?
True
Suppose -2*c - c - 42515 = -5*r, -2*r + 17020 = -4*c. Let b = r + -16160. Is (3/(-4))/(5/b) composite?
True
Let r = 2206 + 28291. Is r prime?
True
Suppose 9348038 = 113*w + 188*w - 10389435. Is w a composite number?
True
Suppose 120*g + 3*c - 576474 = 117*g, -3*c = g - 192152. Is g prime?
True
Let u = -137944 - -349503. Is u composite?
False
Suppose -4*u = 20, 2*t + u = 19 + 28. Suppose 19*n - t*n + 22085 = 0. Is n a prime number?
False
Suppose 4*k + g = 388088, -49*g + 485113 = 5*k - 47*g. Is k a prime number?
True
Suppose 58*j - 88723 = 41*j. Suppose j + 22499 = 2*c. Is c prime?
True
Let u be 2/4*-4*9/(-6). Let a be ((-1)/u - -1) + 10928/(-3). Let h = a - -5399. Is h prime?
False
Let w = -158974 - -379979. Is w composite?
True
Let h = -293 + 293. Suppose v = h, -4*m + 55869 = -m + 5*v. Is m prime?
False
Suppose -q = -z - 8, 19*q + z - 10 = 17*q. Let n(r) be the first derivative of r**4/4 + 7*r**3/3 + 2*r**2 + 5*r - 6. Is n(q) a composite number?
True
Suppose 0 = -i - 5*a - 6689 - 5541, -i - 12245 = 2*a. Let l = i + 27440. Is l a composite number?
True
Let f(g) = 1104*g**2 + 339*g + 1. Is f(-20) a composite number?
False
Let d be (-75)/(-225)*(0 + 69). Let s(j) = -j**2 + 49*j - 7. Is s(d) prime?
False
Suppose 20*j + 0*j = 1040. Suppose -9822 = j*w - 58*w. Is w prime?
True
Let l = 36327 - 15058. Is l a composite number?
False
Suppose 4*n - 3*c - 33 = 0, 4*c = -18*n + 50*n - 124. Suppose 3*b + 15 = 8*b. Is 6 - b - (n - (1168 + -3)) prime?
False
Let q = 2028897 - 1348138. Is q prime?
True
Suppose 0 = 34*w - 1360829 - 6626349. Is w a composite number?
False
Suppose 0 = -100*q - 39*q + 11782057. Is q a composite number?
True
Let g be (189/